 132 a factor of 16044336?
True
Is 43 a factor of 124313?
True
Is 4169229 a multiple of 47?
True
Is 75591 a multiple of 333?
True
Does 14 divide 30044?
True
Does 2 divide 120773?
False
Is 5065644 a multiple of 58?
False
Does 104 divide 158912?
True
Is 206520 a multiple of 279?
False
Is 13252161 a multiple of 13?
True
Is 4 a factor of 322908?
True
Does 23 divide 194427?
False
Does 7 divide 308350?
True
Is 1941352 a multiple of 238?
False
Is 300975 a multiple of 5?
True
Is 5271146 a multiple of 28?
False
Is 6522021 a multiple of 9?
True
Does 249 divide 15110067?
True
Does 14 divide 38416?
True
Is 297 a factor of 101574?
True
Is 1100347 a multiple of 19?
True
Does 10 divide 7151346?
False
Is 312360 a multiple of 285?
True
Is 7256336 a multiple of 53?
True
Is 11 a factor of 401249?
False
Is 7333106 a multiple of 2?
True
Does 3 divide 58127?
False
Does 340 divide 968787?
False
Does 11 divide 3438704?
False
Does 92 divide 5908884?
True
Is 2426997 a multiple of 179?
False
Does 148 divide 309629?
False
Is 43 a factor of 4770205?
True
Does 45 divide 43056?
False
Does 294 divide 189042?
True
Is 118 a factor of 7367920?
True
Is 236047 a multiple of 180?
False
Is 22 a factor of 288500?
False
Is 3190854 a multiple of 10?
False
Is 25495693 a multiple of 76?
False
Is 1565 a factor of 18402398?
False
Is 118 a factor of 1138228?
True
Does 165 divide 2420715?
True
Is 8288 a multiple of 112?
True
Does 486 divide 3253770?
True
Does 48 divide 9655440?
True
Is 31 a factor of 44888?
True
Is 146621 a multiple of 6?
False
Is 16 a factor of 5793264?
True
Does 553 divide 5146489?
False
Is 28083 a multiple of 3?
True
Is 460 a factor of 2604454?
False
Is 9116821 a multiple of 807?
False
Is 10004709 a multiple of 510?
False
Is 8 a factor of 1212665?
False
Is 10 a factor of 1159140?
True
Is 41958 a multiple of 16?
False
Is 10 a factor of 322909?
False
Does 42 divide 16842?
True
Does 52 divide 2772458?
False
Does 39 divide 167739?
True
Is 40 a factor of 162440?
True
Is 2 a factor of 35798?
True
Does 15 divide 1043445?
True
Does 13 divide 1266083?
True
Is 1506 a factor of 4511976?
True
Does 988 divide 4554680?
True
Is 13 a factor of 30602?
True
Is 146 a factor of 168338?
True
Is 1601460 a multiple of 105?
True
Does 46 divide 705042?
True
Is 2585128 a multiple of 5?
False
Is 515991 a multiple of 7?
True
Is 90502 a multiple of 11?
False
Is 125077 a multiple of 83?
False
Is 1656 a factor of 324576?
True
Does 208 divide 129376?
True
Does 3 divide 872430?
True
Does 321 divide 4002228?
True
Is 650287 a multiple of 8?
False
Does 260 divide 3051620?
True
Does 2 divide 272536?
True
Does 53 divide 116504?
False
Is 1701536 a multiple of 16?
True
Is 56952 a multiple of 240?
False
Is 34255 a multiple of 5?
True
Is 45958 a multiple of 59?
False
Is 192 a factor of 172113?
False
Is 100 a factor of 8202800?
True
Does 49 divide 60221?
True
Is 20 a factor of 3806420?
True
Is 8 a factor of 734841?
False
Does 1459 divide 4133874?
False
Is 358396 a multiple of 120?
False
Is 132 a factor of 8184?
True
Does 211 divide 59080?
True
Is 10226180 a multiple of 95?
True
Does 197 divide 246644?
True
Is 2281600 a multiple of 368?
True
Is 23100 a multiple of 7?
True
Is 20646 a multiple of 186?
True
Is 23457812 a multiple of 11?
False
Is 310 a factor of 130285?
False
Does 10 divide 2594835?
False
Is 1857985 a multiple of 155?
True
Is 45 a factor of 298871?
False
Is 5 a factor of 61294?
False
Is 48070 a multiple of 209?
True
Is 107925 a multiple of 410?
False
Is 401787 a multiple of 23?
True
Does 7 divide 485912?
True
Is 2559138 a multiple of 6?
True
Does 23 divide 101683?
True
Is 261372 a multiple of 17?
False
Is 33 a factor of 25162?
False
Does 18 divide 402696?
True
Is 41 a factor of 129642?
True
Is 1926769 a multiple of 1043?
False
Does 90 divide 87120?
True
Does 8 divide 280137?
False
Does 53 divide 75578?
True
Is 146 a factor of 76191?
False
Is 23 a factor of 5010?
False
Is 415316 a multiple of 44?
True
Is 74351 a multiple of 8?
False
Is 120934 a multiple of 12?
False
Is 172942 a multiple of 22?
True
Is 197608 a multiple of 116?
False
Does 152 divide 213810?
False
Is 18 a factor of 1250464?
False
Is 8737542 a multiple of 18?
True
Is 2073761 a multiple of 545?
False
Does 86 divide 13363798?
True
Does 25 divide 4083375?
True
Is 3027822 a multiple of 334?
False
Is 7 a factor of 592092?
False
Is 250375 a multiple of 119?
False
Is 16366 a multiple of 2?
True
Is 1316421 a multiple of 2?
False
Does 16 divide 148768?
True
Does 187 divide 61336?
True
Does 32 divide 1105984?
True
Does 5 divide 194340?
True
Does 47 divide 998233?
True
Is 68 a factor of 105522?
False
Does 35 divide 97965?
True
Is 1325469 even?
False
Is 292313 a multiple of 39?
False
Is 68456 a multiple of 7?
False
Is 1930110 a multiple of 78?
True
Is 680 a factor of 41703?
False
Is 961 a factor of 1814368?
True
Does 4 divide 37384?
True
Is 4173902 a multiple of 46?
True
Does 18 divide 1447591?
False
Does 5 divide 2518250?
True
Is 1570073 a multiple of 6?
False
Is 36813 a multiple of 3?
True
Is 7 a factor of 2206?
False
Does 161 divide 97727?
True
Is 132526 a multiple of 46?
True
Is 10223216 a multiple of 49?
False
Is 426337 a multiple of 22?
False
Does 51 divide 8172342?
True
Is 955 a factor of 1517213?
False
Is 314372 a multiple of 193?
False
Does 23 divide 1259741?
False
Does 57 divide 50274?
True
Is 112 a factor of 40096?
True
Is 15 a factor of 162054?
False
Is 2130793 a multiple of 133?
True
Does 1116 divide 3397353?
False
Does 40 divide 1705680?
True
Is 29 a factor of 84187?
True
Is 76229 a multiple of 23?
False
Is 323 a factor of 353795?
False
Does 660 divide 878344?
False
Is 31595 a multiple of 89?
True
Is 86 a factor of 30996910?
False
Is 37681 a multiple of 18?
False
Is 35 a factor of 880810?
True
Does 8 divide 383703?
False
Does 44 divide 96205?
False
Is 74 a factor of 619084?
True
Is 16 a factor of 25661?
False
Is 12 a factor of 69477?
False
Is 330964 a multiple of 97?
True
Does 18 divide 4052250?
True
Is 100 a factor of 14769?
False
Does 104 divide 39922688?
True
Is 101 a factor of 567745?
False
Does 8 divide 943047?
False
Is 57 a factor of 38304?
True
Is 29610 a multiple of 14?
True
Is 119 a factor of 106054?
False
Is 6684218 a multiple of 1236?
False
Does 8 divide 5730191?
False
Does 11 divide 2743640?
False
Is 35700 a multiple of 20?
True
Is 28 a factor of 33643758?
False
Does 54 divide 123717?
False
Is 1703116 a multiple of 38?
False
Does 368 divide 360640?
True
Is 4491550 a multiple of 106?
False
Is 580 a multiple of 20?
True
Is 21 a factor of 5229800?
False
Is 486494 a multiple of 317?
False
Is 221276 a multiple of 428?
True
Is 106 a factor of 237668?
False
Does 132 divide 1427448?
True
Is 400210 a multiple of 928?
False
Is 20324930 a multiple of 111?
False
Does 17 divide 5333?
False
Is 29 a factor of 5767684?
False
Is 1200815 a multiple of 7?
True
Does 131 divide 1965?
True
Is 299775 a multiple of 75?
True
Is 463 a factor of 138543?
False
Does 9 divide 120481?
False
Is 216511 a multiple of 37?
False
Is 1241581 a multiple of 106?
False
Is 55752 a multiple of 119?
False
Is 3670800 a multiple of 1124?
False
Does 11 divide 137258?
True
Is 862712 a multiple of 3?
False
Does 746 divide 2523906?
False
Is 25 a factor of 6811050?
True
Does 19 divide 1874255?
True
Does 38 divide 76950?
True
Does 61 divide 1423772?
False
Is 12 a factor of 15468?
True
Is 137995 a multiple of 116?
False
Does 191 divide 115937?
True
Is 9 a factor of 1323765?
True
Does 101 divide 825990?
False
Does 24 divide 13697?
False
Is 370139 a multiple of 258?
False
Is 56 a factor of 1525608?
True
Is 28292 a multiple of 71?
False
Does 28 divide 482160?
True
Is 456666 a multiple of 21?
True
Does 79 divide 165748?
False
Is 85 a factor of 110108?
False
Is 3518200 a multiple of 14?
True
Is 28183 a multiple of 111?
False
Is 67 a factor of 4034411?
False
Does 32 divide 1571904?
True
Is 754131 a multiple of 22?
False
Does 41 divide 2856519?
False
Is 1314 a factor of 1525554?
True
Is 755600 a multiple of 25?
True
Is 430254 a multiple of 369?
True
Is 177571 a multiple of 25?
False
Is 157267 a multiple of 106?
False
Does 6 divide 37010?
False
Does 1273 divide 7412679?
True
Is 189791 a multiple of 29?
False
Does 8 divide 1322554?
False
Does 186 divide 191317?
False
Does 17 divid